{"id":509,"date":"2022-04-26T19:49:53","date_gmt":"2022-04-26T17:49:53","guid":{"rendered":"https:\/\/warsaw.wordcamp.org\/2022\/?page_id=509"},"modified":"2022-04-30T06:52:54","modified_gmt":"2022-04-30T04:52:54","slug":"call-for-volunteers","status":"publish","type":"page","link":"https:\/\/warsaw.wordcamp.org\/2022\/call-for-volunteers\/","title":{"rendered":"Call for Volunteers"},"content":{"rendered":"\n<p>Skoro tu jeste\u015b to wiesz \u017ce nadci\u0105ga #wcwaw <br>Wykorzystaj go pe\u0142niej poza wiedz\u0105 jaka tam b\u0119dzie przedstawiona<\/p>\n\n\n\n<ul class=\"wp-block-list\"><li>zobacz od kuchni jak dzia\u0142a najwi\u0119ksza polska konferencja dotycz\u0105ca WordPressa<\/li><li>miej najbli\u017cej do super prelegent\u00f3w (\u017ceby zagada\u0107,  podpyta\u0107, nawi\u0105za\u0107 bezpo\u015bredni kontakt, itd.)<\/li><li>zdob\u0105d\u017a przys\u0142owiowy wpis do cv <\/li><li>poznaj ludzi i puszczaj przecieki z zaplecza imprezy (to zawsze robi poczytno\u015b\u0107 ogl\u0105dalno\u015b\u0107)<\/li><li>po prostu wesprzyj organizacj\u0119 konferencji<\/li><\/ul>\n\n\n\n<p>wystarczy \u017ce wype\u0142nisz ankiet\u0119 poni\u017cej.<\/p>\n\n\n\n<iframe loading=\"lazy\" src=\"https:\/\/docs.google.com\/forms\/d\/e\/1FAIpQLSfnn-62kNuhVeFI2C3dYenaVvPiR-5GFfoWf2lKwTkPupBS9g\/viewform?embedded=true\" frameborder=\"0\" width=\"580\" height=\"1946\" marginheight=\"0\" marginwidth=\"0\" allowfullscreen=\"true\" mozallowfullscreen=\"true\" webkitallowfullscreen=\"true\"><\/iframe>\n","protected":false},"excerpt":{"rendered":"<p>Skoro tu jeste\u015b to wiesz \u017ce nadci\u0105ga #wcwaw Wykorzystaj go pe\u0142niej poza wiedz\u0105 jaka tam b\u0119dzie przedstawiona zobacz od kuchni jak dzia\u0142a najwi\u0119ksza polska konferencja dotycz\u0105ca WordPressa miej najbli\u017cej do super prelegent\u00f3w (\u017ceby zagada\u0107, podpyta\u0107, nawi\u0105za\u0107 bezpo\u015bredni kontakt, itd.) zdob\u0105d\u017a przys\u0142owiowy wpis do cv poznaj ludzi i puszczaj przecieki z zaplecza imprezy (to zawsze robi [&hellip;]<\/p>\n","protected":false},"author":14631969,"featured_media":0,"parent":0,"menu_order":0,"comment_status":"closed","ping_status":"closed","template":"","meta":{"jetpack_post_was_ever_published":false,"footnotes":""},"class_list":["post-509","page","type-page","status-publish","hentry"],"jetpack_sharing_enabled":true,"_links":{"self":[{"href":"https:\/\/warsaw.wordcamp.org\/2022\/wp-json\/wp\/v2\/pages\/509","targetHints":{"allow":["GET"]}}],"collection":[{"href":"https:\/\/warsaw.wordcamp.org\/2022\/wp-json\/wp\/v2\/pages"}],"about":[{"href":"https:\/\/warsaw.wordcamp.org\/2022\/wp-json\/wp\/v2\/types\/page"}],"author":[{"embeddable":true,"href":"https:\/\/warsaw.wordcamp.org\/2022\/wp-json\/wp\/v2\/users\/14631969"}],"replies":[{"embeddable":true,"href":"https:\/\/warsaw.wordcamp.org\/2022\/wp-json\/wp\/v2\/comments?post=509"}],"version-history":[{"count":3,"href":"https:\/\/warsaw.wordcamp.org\/2022\/wp-json\/wp\/v2\/pages\/509\/revisions"}],"predecessor-version":[{"id":603,"href":"https:\/\/warsaw.wordcamp.org\/2022\/wp-json\/wp\/v2\/pages\/509\/revisions\/603"}],"wp:attachment":[{"href":"https:\/\/warsaw.wordcamp.org\/2022\/wp-json\/wp\/v2\/media?parent=509"}],"curies":[{"name":"wp","href":"https:\/\/api.w.org\/{rel}","templated":true}]}}