{"id":11,"date":"2022-02-18T21:54:16","date_gmt":"2022-02-18T20:54:16","guid":{"rendered":"https:\/\/warsaw.wordcamp.org\/2022\/location\/"},"modified":"2022-04-28T19:23:22","modified_gmt":"2022-04-28T17:23:22","slug":"lokalizacja","status":"publish","type":"page","link":"https:\/\/warsaw.wordcamp.org\/2022\/lokalizacja\/","title":{"rendered":"Lokalizacja"},"content":{"rendered":"\n<div class=\"wp-block-media-text alignwide has-media-on-the-right is-stacked-on-mobile\"><figure class=\"wp-block-media-text__media\"><img loading=\"lazy\" decoding=\"async\" width=\"1024\" height=\"683\" src=\"https:\/\/warsaw.wordcamp.org\/2022\/files\/2022\/04\/CIC_Warsaw-409-1024x683.jpg\" alt=\"\" class=\"wp-image-197 size-full\" srcset=\"https:\/\/warsaw.wordcamp.org\/2022\/files\/2022\/04\/CIC_Warsaw-409-1024x683.jpg 1024w, https:\/\/warsaw.wordcamp.org\/2022\/files\/2022\/04\/CIC_Warsaw-409-300x200.jpg 300w, https:\/\/warsaw.wordcamp.org\/2022\/files\/2022\/04\/CIC_Warsaw-409-768x512.jpg 768w, https:\/\/warsaw.wordcamp.org\/2022\/files\/2022\/04\/CIC_Warsaw-409-450x300.jpg 450w, https:\/\/warsaw.wordcamp.org\/2022\/files\/2022\/04\/CIC_Warsaw-409-1536x1024.jpg 1536w, https:\/\/warsaw.wordcamp.org\/2022\/files\/2022\/04\/CIC_Warsaw-409-2048x1366.jpg 2048w, https:\/\/warsaw.wordcamp.org\/2022\/files\/2022\/04\/CIC_Warsaw-409-1200x800.jpg 1200w, https:\/\/warsaw.wordcamp.org\/2022\/files\/2022\/04\/CIC_Warsaw-409-1980x1320.jpg 1980w\" sizes=\"auto, (max-width: 1024px) 100vw, 1024px\" \/><\/figure><div class=\"wp-block-media-text__content\">\n<p class=\"has-large-font-size\">WordCamp Warsaw 2022 odb\u0119dzie si\u0119 w CIC &#8211; Cambridge Innovation Center w nowoczesnym kampusie w samym centrum Warszawy. <\/p>\n\n\n\n<p>Adres: Chmielna 73, Warszawa<\/p>\n\n\n\n<p><a href=\"https:\/\/www.google.com\/maps\/dir\/\/CIC+Warsaw,+Chmielna+73,+00-801+Warszawa\/@52.228369[\u2026]5efb088b:0x5ef44626a271e8ef!2m2!1d20.9973774!2d52.2283692!3e3\" target=\"_blank\" rel=\"noreferrer noopener\">Zobacz lokalizacj\u0119 \u00bb<\/a><\/p>\n<\/div><\/div>\n\n\n\n<div class=\"wp-block-columns is-layout-flex wp-container-core-columns-is-layout-9d6595d7 wp-block-columns-is-layout-flex\">\n<div class=\"wp-block-column is-layout-flow wp-block-column-is-layout-flow\" style=\"flex-basis:33.33%\">\n<p>Najbli\u017csze przystanki tramwajowe:<\/p>\n<\/div>\n\n\n\n<div class=\"wp-block-column is-layout-flow wp-block-column-is-layout-flow\" style=\"flex-basis:66.66%\">\n<ul class=\"wp-block-list\"><li>linie 10, 14, 17, 33, 41 Dworzec Centralny 09 i Dworzec Centralny 10<\/li><li>linie 7, 9, 22, 24, 25\u00a0 Plac Starynkiewicza 04<\/li><\/ul>\n<\/div>\n<\/div>\n\n\n\n<div class=\"wp-block-columns is-layout-flex wp-container-core-columns-is-layout-9d6595d7 wp-block-columns-is-layout-flex\">\n<div class=\"wp-block-column is-layout-flow wp-block-column-is-layout-flow\" style=\"flex-basis:33.33%\">\n<p>Najbli\u017csze przystanki autobusowe<\/p>\n<\/div>\n\n\n\n<div class=\"wp-block-column is-layout-flow wp-block-column-is-layout-flow\" style=\"flex-basis:66.66%\">\n<ul class=\"wp-block-list\"><li>linia 157 Plac Starynkiewicza 06<\/li><li>linie 109, 160, 174 Rondo ONZ 01<\/li><\/ul>\n<\/div>\n<\/div>\n\n\n\n<div class=\"wp-block-columns is-layout-flex wp-container-core-columns-is-layout-9d6595d7 wp-block-columns-is-layout-flex\">\n<div class=\"wp-block-column is-layout-flow wp-block-column-is-layout-flow\" style=\"flex-basis:33.33%\">\n<p>Parkingi roweru miejskiego Verturilo<\/p>\n<\/div>\n\n\n\n<div class=\"wp-block-column is-layout-flow wp-block-column-is-layout-flow\" style=\"flex-basis:66.66%\">\n<ul class=\"wp-block-list\"><li>Warszawa \u015ar\u00f3dmie\u015bcie WKD,<\/li><li>al. Jana Paw\u0142a II &#8211; Z\u0142ota,<\/li><li>al. Jerozolimskie &#8211; Lindleya<\/li><\/ul>\n<\/div>\n<\/div>\n\n\n\n<p>Kampus innowacji jest odpowiedzi\u0105 na potrzeby, zar\u00f3wno kreatywnych startup\u00f3w na pocz\u0105tku swojej kariery,&nbsp;jak i wymagaj\u0105cych biznes\u00f3w, kt\u00f3re potrzebuj\u0105 bezpiecznych, sprawdzonych rozwi\u0105za\u0144 oraz serwisu na najwy\u017cszym poziomie.&nbsp;<\/p>\n\n\n\n<blockquote class=\"wp-block-quote is-layout-flow wp-block-quote-is-layout-flow\"><p>Dotychczas swoje siedziby w Cambridge Innovation Center mia\u0142o ju\u017c ponad 6 500 firm &#8211; od gigant\u00f3w takich jak Microsoft, IBM, czy Loreal po startupy takie jak HubSpot czy Amazon. <\/p><\/blockquote>\n\n\n\n<figure class=\"wp-block-embed alignwide is-type-video is-provider-youtube wp-block-embed-youtube wp-embed-aspect-16-9 wp-has-aspect-ratio\"><div class=\"wp-block-embed__wrapper\">\n<span class=\"embed-youtube\" style=\"text-align:center; display: block;\"><iframe loading=\"lazy\" class=\"youtube-player\" width=\"580\" height=\"327\" src=\"https:\/\/www.youtube.com\/embed\/Zj2oKRll-gE?version=3&#038;rel=1&#038;showsearch=0&#038;showinfo=1&#038;iv_load_policy=1&#038;fs=1&#038;hl=pl-PL&#038;autohide=2&#038;wmode=transparent\" allowfullscreen=\"true\" style=\"border:0;\" sandbox=\"allow-scripts allow-same-origin allow-popups allow-presentation allow-popups-to-escape-sandbox\"><\/iframe><\/span>\n<\/div><\/figure>\n\n\n\n<p>Cz\u0119\u015bci\u0105 Kampusu Innowacji jest r\u00f3wnie\u017c District Hall, czyli nieodp\u0142atna przestrze\u0144 do wsp\u00f3\u0142pracy dla &nbsp; startuj\u0105cych przedsi\u0119biorc\u00f3w i innych os\u00f3b zainteresowanych innowacjami w kt\u00f3rej&nbsp; mo\u017cna pracowa\u0107, wymienia\u0107 si\u0119 wiedz\u0105, budowa\u0107 relacje i partnerstwa.&nbsp;<\/p>\n\n\n\n<p>Opiekunem przestrzeni District Hall jest Fundacja<a href=\"https:\/\/venturecafewarsaw.org\/\"> Venture Cafe Warsaw<\/a> nale\u017c\u0105c\u0105 do globalnej sieci Venture Caf\u00e9. Do dyspozycji go\u015bci jest bezp\u0142atne WiFi, kawiarnia oraz strefy do pracy i relaksu.<\/p>\n","protected":false},"excerpt":{"rendered":"<p>WordCamp Warsaw 2022 odb\u0119dzie si\u0119 w CIC &#8211; Cambridge Innovation Center w nowoczesnym kampusie w samym centrum Warszawy. Adres: Chmielna 73, Warszawa Zobacz lokalizacj\u0119 \u00bb Najbli\u017csze przystanki tramwajowe: linie 10, 14, 17, 33, 41 Dworzec Centralny 09 i Dworzec Centralny 10 linie 7, 9, 22, 24, 25\u00a0 Plac Starynkiewicza 04 Najbli\u017csze przystanki autobusowe linia 157 [&hellip;]<\/p>\n","protected":false},"author":3591773,"featured_media":0,"parent":0,"menu_order":0,"comment_status":"closed","ping_status":"closed","template":"","meta":{"jetpack_post_was_ever_published":false,"footnotes":""},"class_list":["post-11","page","type-page","status-publish","hentry"],"jetpack_sharing_enabled":true,"_links":{"self":[{"href":"https:\/\/warsaw.wordcamp.org\/2022\/wp-json\/wp\/v2\/pages\/11","targetHints":{"allow":["GET"]}}],"collection":[{"href":"https:\/\/warsaw.wordcamp.org\/2022\/wp-json\/wp\/v2\/pages"}],"about":[{"href":"https:\/\/warsaw.wordcamp.org\/2022\/wp-json\/wp\/v2\/types\/page"}],"author":[{"embeddable":true,"href":"https:\/\/warsaw.wordcamp.org\/2022\/wp-json\/wp\/v2\/users\/3591773"}],"replies":[{"embeddable":true,"href":"https:\/\/warsaw.wordcamp.org\/2022\/wp-json\/wp\/v2\/comments?post=11"}],"version-history":[{"count":10,"href":"https:\/\/warsaw.wordcamp.org\/2022\/wp-json\/wp\/v2\/pages\/11\/revisions"}],"predecessor-version":[{"id":574,"href":"https:\/\/warsaw.wordcamp.org\/2022\/wp-json\/wp\/v2\/pages\/11\/revisions\/574"}],"wp:attachment":[{"href":"https:\/\/warsaw.wordcamp.org\/2022\/wp-json\/wp\/v2\/media?parent=11"}],"curies":[{"name":"wp","href":"https:\/\/api.w.org\/{rel}","templated":true}]}}