{"id":644,"date":"2014-10-09T07:28:02","date_gmt":"2014-10-09T07:28:02","guid":{"rendered":"https:\/\/2014.warsaw.wordcamp.org\/?post_type=wcb_speaker&#038;p=644"},"modified":"2014-11-20T10:50:37","modified_gmt":"2014-11-20T10:50:37","slug":"grzegorz-durtan","status":"publish","type":"wcb_speaker","link":"https:\/\/warsaw.wordcamp.org\/2014\/speaker\/grzegorz-durtan\/","title":{"rendered":"Grzegorz Durtan"},"content":{"rendered":"<p class=\"p1\"><a href=\"https:\/\/2014.warsaw.wordcamp.org\/files\/2014\/10\/Grzegorz-Durtan.jpg\"><img loading=\"lazy\" decoding=\"async\" class=\"alignnone size-full wp-image-645\" src=\"https:\/\/2014.warsaw.wordcamp.org\/files\/2014\/10\/Grzegorz-Durtan.jpg\" alt=\"Grzegorz Durtan\" width=\"600\" height=\"300\" srcset=\"https:\/\/warsaw.wordcamp.org\/2014\/files\/2014\/10\/Grzegorz-Durtan.jpg 600w, https:\/\/warsaw.wordcamp.org\/2014\/files\/2014\/10\/Grzegorz-Durtan-300x150.jpg 300w, https:\/\/warsaw.wordcamp.org\/2014\/files\/2014\/10\/Grzegorz-Durtan-500x250.jpg 500w\" sizes=\"auto, (max-width: 600px) 100vw, 600px\" \/><\/a><\/p>\n<p class=\"p1\"><span class=\"_5yl5\">Pasjonat i przedsi\u0119biorca wdra\u017caj\u0105cy dedykowane rozwi\u0105zania biznesowe oparte o WordPressa.<\/span><\/p>\n<p class=\"p1\">By\u0142y kierownik ds. Kluczowych Klient\u00f3w projektu ePlatforma w Inforsys S.A., specjalizuje si\u0119 w doradztwie z zakresu projektowania i wdra\u017cania rozwi\u0105za\u0144 informatycznych do obs\u0142ugi e-dokument\u00f3w.<\/p>\n<p class=\"p1\">Karier\u0119 zawodow\u0105 rozpocz\u0105\u0142 w 2004 roku w firmie ebStream &#8211; tw\u00f3rcy technologii opartych o PKI (Infrastruktura Klucza Publicznego). W ramach wsp\u00f3\u0142pracy wdra\u017ca\u0142 projekty zwi\u0105zane z digitalizacj\u0105 i obiegiem e-dokument\u00f3w w administracji publicznej. Wsp\u00f3\u0142tworzy\u0142 portal eFaktura.com.pl, uznany za prekursora rozwi\u0105za\u0144 dla faktury elektronicznej opartej o technologi\u0119 ebForm. W roku 2007 uczestniczy\u0142 w tworzeniu projektu ePlatforma &#8211; platformy outsourcingu us\u0142ug elektronicznego fakturowania.<br \/>\nAbsolwent Olszty\u0144skiej Wy\u017cszej Szko\u0142y Zarz\u0105dzania. W zawodowej karierze wykonywa\u0142 projekty informatyczne dla: Carrefour, ING Commercial Finance, Empik, Nivea, Deutshe Bank, HDI, Link4, GENERALI, PGNIG, PGE. Obecnie tw\u00f3rca repozytorium proces\u00f3w biznesowych UiGEN dla u\u017cytkownik\u00f3w WordPressa.<\/p>\n<p class=\"p1\"><span class=\"_5yl5\">W\u0142a\u015bciciel oraz wsp\u00f3\u0142w\u0142a\u015bciciel firm informatycznych UiCron oraz BlockBox sp. z.o.o<\/span><\/p>\n","protected":false},"excerpt":{"rendered":"<p>Pasjonat i przedsi\u0119biorca wdra\u017caj\u0105cy dedykowane rozwi\u0105zania biznesowe oparte o WordPressa. By\u0142y kierownik ds. Kluczowych Klient\u00f3w projektu ePlatforma w Inforsys S.A., specjalizuje si\u0119 w doradztwie z zakresu projektowania i wdra\u017cania rozwi\u0105za\u0144 informatycznych do obs\u0142ugi e-dokument\u00f3w. Karier\u0119 zawodow\u0105 rozpocz\u0105\u0142 w 2004 roku w firmie ebStream &#8211; tw\u00f3rcy technologii opartych o PKI (Infrastruktura Klucza Publicznego). W ramach wsp\u00f3\u0142pracy &hellip; <a href=\"https:\/\/warsaw.wordcamp.org\/2014\/speaker\/grzegorz-durtan\/\" class=\"more-link\">Czytaj dalej <span class=\"screen-reader-text\">Grzegorz Durtan<\/span> <span class=\"meta-nav\">&rarr;<\/span><\/a><\/p>\n","protected":false},"author":14070165,"featured_media":0,"comment_status":"closed","ping_status":"closed","template":"","meta":{"_crdt_document":"","jetpack_post_was_ever_published":false,"_wcpt_user_name":"gdurtan","footnotes":""},"speaker_group":[],"class_list":["post-644","wcb_speaker","type-wcb_speaker","status-publish","hentry"],"jetpack_shortlink":"https:\/\/wp.me\/p4VWW7-ao","jetpack_sharing_enabled":true,"avatar_urls":{"24":"https:\/\/secure.gravatar.com\/avatar\/e84342f596d671b21019e45240469f6bd55d9abef88fd900500df2b506a0d386?s=24&d=mm&r=g","48":"https:\/\/secure.gravatar.com\/avatar\/e84342f596d671b21019e45240469f6bd55d9abef88fd900500df2b506a0d386?s=48&d=mm&r=g","96":"https:\/\/secure.gravatar.com\/avatar\/e84342f596d671b21019e45240469f6bd55d9abef88fd900500df2b506a0d386?s=96&d=mm&r=g","128":"https:\/\/secure.gravatar.com\/avatar\/e84342f596d671b21019e45240469f6bd55d9abef88fd900500df2b506a0d386?s=128&d=mm&r=g","256":"https:\/\/secure.gravatar.com\/avatar\/e84342f596d671b21019e45240469f6bd55d9abef88fd900500df2b506a0d386?s=256&d=mm&r=g","512":"https:\/\/secure.gravatar.com\/avatar\/e84342f596d671b21019e45240469f6bd55d9abef88fd900500df2b506a0d386?s=512&d=mm&r=g"},"_links":{"self":[{"href":"https:\/\/warsaw.wordcamp.org\/2014\/wp-json\/wp\/v2\/speakers\/644","targetHints":{"allow":["GET"]}}],"collection":[{"href":"https:\/\/warsaw.wordcamp.org\/2014\/wp-json\/wp\/v2\/speakers"}],"about":[{"href":"https:\/\/warsaw.wordcamp.org\/2014\/wp-json\/wp\/v2\/types\/wcb_speaker"}],"author":[{"embeddable":true,"href":"https:\/\/warsaw.wordcamp.org\/2014\/wp-json\/wp\/v2\/users\/14070165"}],"replies":[{"embeddable":true,"href":"https:\/\/warsaw.wordcamp.org\/2014\/wp-json\/wp\/v2\/comments?post=644"}],"version-history":[{"count":4,"href":"https:\/\/warsaw.wordcamp.org\/2014\/wp-json\/wp\/v2\/speakers\/644\/revisions"}],"predecessor-version":[{"id":1539,"href":"https:\/\/warsaw.wordcamp.org\/2014\/wp-json\/wp\/v2\/speakers\/644\/revisions\/1539"}],"sessions":[{"embeddable":true,"href":"https:\/\/warsaw.wordcamp.org\/2014\/wp-json\/wp\/v2\/sessions\/525?_embed=1&context=view"}],"wp:attachment":[{"href":"https:\/\/warsaw.wordcamp.org\/2014\/wp-json\/wp\/v2\/media?parent=644"}],"wp:term":[{"taxonomy":"wcb_speaker_group","embeddable":true,"href":"https:\/\/warsaw.wordcamp.org\/2014\/wp-json\/wp\/v2\/speaker_group?post=644"}],"curies":[{"name":"wp","href":"https:\/\/api.w.org\/{rel}","templated":true}]}}

<p class="p1"><a href="https://2014.warsaw.wordcamp.org/files/2014/10/Grzegorz-Durtan.jpg"><img loading="lazy" decoding="async" class="alignnone size-full wp-image-645" src="https://2014.warsaw.wordcamp.org/files/2014/10/Grzegorz-Durtan.jpg" alt="Grzegorz Durtan" width="600" height="300" srcset="https://warsaw.wordcamp.org/2014/files/2014/10/Grzegorz-Durtan.jpg 600w, https://warsaw.wordcamp.org/2014/files/2014/10/Grzegorz-Durtan-300x150.jpg 300w, https://warsaw.wordcamp.org/2014/files/2014/10/Grzegorz-Durtan-500x250.jpg 500w" sizes="auto, (max-width: 600px) 100vw, 600px" /></a></p>
<p class="p1"><span class="_5yl5">Pasjonat i przedsiębiorca wdrażający dedykowane rozwiązania biznesowe oparte o WordPressa.</span></p>
<p class="p1">Były kierownik ds. Kluczowych Klientów projektu ePlatforma w Inforsys S.A., specjalizuje się w doradztwie z zakresu projektowania i wdrażania rozwiązań informatycznych do obsługi e-dokumentów.</p>
<p class="p1">Karierę zawodową rozpoczął w 2004 roku w firmie ebStream &#8211; twórcy technologii opartych o PKI (Infrastruktura Klucza Publicznego). W ramach współpracy wdrażał projekty związane z digitalizacją i obiegiem e-dokumentów w administracji publicznej. Współtworzył portal eFaktura.com.pl, uznany za prekursora rozwiązań dla faktury elektronicznej opartej o technologię ebForm. W roku 2007 uczestniczył w tworzeniu projektu ePlatforma &#8211; platformy outsourcingu usług elektronicznego fakturowania.<br />
Absolwent Olsztyńskiej Wyższej Szkoły Zarządzania. W zawodowej karierze wykonywał projekty informatyczne dla: Carrefour, ING Commercial Finance, Empik, Nivea, Deutshe Bank, HDI, Link4, GENERALI, PGNIG, PGE. Obecnie twórca repozytorium procesów biznesowych UiGEN dla użytkowników WordPressa.</p>
<p class="p1"><span class="_5yl5">Właściciel oraz współwłaściciel firm informatycznych UiCron oraz BlockBox sp. z.o.o</span></p>

<p>Pasjonat i przedsiębiorca wdrażający dedykowane rozwiązania biznesowe oparte o WordPressa. Były kierownik ds. Kluczowych Klientów projektu ePlatforma w Inforsys S.A., specjalizuje się w doradztwie z zakresu projektowania i wdrażania rozwiązań informatycznych do obsługi e-dokumentów. Karierę zawodową rozpoczął w 2004 roku w firmie ebStream &#8211; twórcy technologii opartych o PKI (Infrastruktura Klucza Publicznego). W ramach współpracy &hellip; <a href="https://warsaw.wordcamp.org/2014/speaker/grzegorz-durtan/" class="more-link">Czytaj dalej <span class="screen-reader-text">Grzegorz Durtan</span> <span class="meta-nav">&rarr;</span></a></p>
