{"id":477,"date":"2014-10-04T19:09:35","date_gmt":"2014-10-04T19:09:35","guid":{"rendered":"https:\/\/2014.warsaw.wordcamp.org\/?post_type=wcb_speaker&#038;p=477"},"modified":"2024-04-19T05:21:04","modified_gmt":"2024-04-19T05:21:04","slug":"mateusz-tunski","status":"publish","type":"wcb_speaker","link":"https:\/\/warsaw.wordcamp.org\/2014\/speaker\/mateusz-tunski\/","title":{"rendered":"Mateusz Tu\u0144ski"},"content":{"rendered":"<p><a href=\"https:\/\/2014.warsaw.wordcamp.org\/files\/2014\/10\/mateusz_tunski1.jpg\"><img loading=\"lazy\" decoding=\"async\" class=\"alignnone size-full wp-image-481\" src=\"https:\/\/2014.warsaw.wordcamp.org\/files\/2014\/10\/mateusz_tunski1.jpg\" alt=\"Mateusz Tu\u0144ski\" width=\"600\" height=\"240\" srcset=\"https:\/\/warsaw.wordcamp.org\/2014\/files\/2014\/10\/mateusz_tunski1.jpg 600w, https:\/\/warsaw.wordcamp.org\/2014\/files\/2014\/10\/mateusz_tunski1-300x120.jpg 300w, https:\/\/warsaw.wordcamp.org\/2014\/files\/2014\/10\/mateusz_tunski1-500x200.jpg 500w\" sizes=\"auto, (max-width: 600px) 100vw, 600px\" \/><\/a><\/p>\n<p>Absolwent Wydzia\u0142u Prawa, Administracji i Ekonomii Uniwersytetu Wroc\u0142awskiego oraz Centrum W\u0142asno\u015bci Intelektualnej im. H. Grocjusza.<\/p>\n<p>Na co dzie\u0144 aplikant adwokacki \u0142\u0105cz\u0105cy pasj\u0119 do prawa z pasj\u0105 do przemawiania publicznego.<br \/>\nOd 2011 r. aktywny toastmaster, czyli cz\u0142onek najwi\u0119kszej na \u015bwiecie organizacji non profit -Toastmasters International &#8211; zrzeszaj\u0105cej m\u00f3wc\u00f3w i lider\u00f3w. Na jego prelekcjach mo\u017cesz liczy\u0107 nie tylko na przekazanie wiedzy z zakresu prawa nowych technologii, ale r\u00f3wnie\u017c spor\u0105 dawk\u0119 interakcji, kt\u00f3ra u\u0142atwi poruszanie si\u0119 w meandrach prawniczych zagadnie\u0144.<br \/>\nPo godzinach wsp\u00f3\u0142za\u0142o\u017cyciel i autor bloga <a title=\"www.startuplaw.pl\" href=\"http:\/\/www.startuplaw.pl\/\" target=\"_blank\" rel=\"noopener\">startuplaw.pl<\/a>, na kt\u00f3rym mo\u017cna przeczyta\u0107 m.in. o tym, co polskie prawo przygotowa\u0142o dla przedsi\u0119biorc\u00f3w dzia\u0142aj\u0105cych w e-commerce.<\/p>\n","protected":false},"excerpt":{"rendered":"<p>Absolwent Wydzia\u0142u Prawa, Administracji i Ekonomii Uniwersytetu Wroc\u0142awskiego oraz Centrum W\u0142asno\u015bci Intelektualnej im. H. Grocjusza. Na co dzie\u0144 aplikant adwokacki \u0142\u0105cz\u0105cy pasj\u0119 do prawa z pasj\u0105 do przemawiania publicznego. Od 2011 r. aktywny toastmaster, czyli cz\u0142onek najwi\u0119kszej na \u015bwiecie organizacji non profit -Toastmasters International &#8211; zrzeszaj\u0105cej m\u00f3wc\u00f3w i lider\u00f3w. Na jego prelekcjach mo\u017cesz liczy\u0107 nie &hellip; <a href=\"https:\/\/warsaw.wordcamp.org\/2014\/speaker\/mateusz-tunski\/\" class=\"more-link\">Czytaj dalej <span class=\"screen-reader-text\">Mateusz Tu\u0144ski<\/span> <span class=\"meta-nav\">&rarr;<\/span><\/a><\/p>\n","protected":false},"author":14070165,"featured_media":0,"comment_status":"closed","ping_status":"closed","template":"","meta":{"_crdt_document":"","jetpack_post_was_ever_published":false,"_wcpt_user_name":"mr_matthew","footnotes":""},"speaker_group":[],"class_list":["post-477","wcb_speaker","type-wcb_speaker","status-publish","hentry"],"jetpack_shortlink":"https:\/\/wp.me\/p4VWW7-7H","jetpack_sharing_enabled":true,"avatar_urls":{"24":"https:\/\/secure.gravatar.com\/avatar\/ff3ba695371c4994dfb54ef7dd5c09416344629ad1794e7dee13a524283b0ac9?s=24&d=mm&r=g","48":"https:\/\/secure.gravatar.com\/avatar\/ff3ba695371c4994dfb54ef7dd5c09416344629ad1794e7dee13a524283b0ac9?s=48&d=mm&r=g","96":"https:\/\/secure.gravatar.com\/avatar\/ff3ba695371c4994dfb54ef7dd5c09416344629ad1794e7dee13a524283b0ac9?s=96&d=mm&r=g","128":"https:\/\/secure.gravatar.com\/avatar\/ff3ba695371c4994dfb54ef7dd5c09416344629ad1794e7dee13a524283b0ac9?s=128&d=mm&r=g","256":"https:\/\/secure.gravatar.com\/avatar\/ff3ba695371c4994dfb54ef7dd5c09416344629ad1794e7dee13a524283b0ac9?s=256&d=mm&r=g","512":"https:\/\/secure.gravatar.com\/avatar\/ff3ba695371c4994dfb54ef7dd5c09416344629ad1794e7dee13a524283b0ac9?s=512&d=mm&r=g"},"_links":{"self":[{"href":"https:\/\/warsaw.wordcamp.org\/2014\/wp-json\/wp\/v2\/speakers\/477","targetHints":{"allow":["GET"]}}],"collection":[{"href":"https:\/\/warsaw.wordcamp.org\/2014\/wp-json\/wp\/v2\/speakers"}],"about":[{"href":"https:\/\/warsaw.wordcamp.org\/2014\/wp-json\/wp\/v2\/types\/wcb_speaker"}],"author":[{"embeddable":true,"href":"https:\/\/warsaw.wordcamp.org\/2014\/wp-json\/wp\/v2\/users\/14070165"}],"replies":[{"embeddable":true,"href":"https:\/\/warsaw.wordcamp.org\/2014\/wp-json\/wp\/v2\/comments?post=477"}],"version-history":[{"count":4,"href":"https:\/\/warsaw.wordcamp.org\/2014\/wp-json\/wp\/v2\/speakers\/477\/revisions"}],"predecessor-version":[{"id":4968,"href":"https:\/\/warsaw.wordcamp.org\/2014\/wp-json\/wp\/v2\/speakers\/477\/revisions\/4968"}],"sessions":[{"embeddable":true,"href":"https:\/\/warsaw.wordcamp.org\/2014\/wp-json\/wp\/v2\/sessions\/519?_embed=1&context=view"}],"wp:attachment":[{"href":"https:\/\/warsaw.wordcamp.org\/2014\/wp-json\/wp\/v2\/media?parent=477"}],"wp:term":[{"taxonomy":"wcb_speaker_group","embeddable":true,"href":"https:\/\/warsaw.wordcamp.org\/2014\/wp-json\/wp\/v2\/speaker_group?post=477"}],"curies":[{"name":"wp","href":"https:\/\/api.w.org\/{rel}","templated":true}]}}

Mateusz Tuński

<p><a href="https://2014.warsaw.wordcamp.org/files/2014/10/mateusz_tunski1.jpg"><img loading="lazy" decoding="async" class="alignnone size-full wp-image-481" src="https://2014.warsaw.wordcamp.org/files/2014/10/mateusz_tunski1.jpg" alt="Mateusz Tuński" width="600" height="240" srcset="https://warsaw.wordcamp.org/2014/files/2014/10/mateusz_tunski1.jpg 600w, https://warsaw.wordcamp.org/2014/files/2014/10/mateusz_tunski1-300x120.jpg 300w, https://warsaw.wordcamp.org/2014/files/2014/10/mateusz_tunski1-500x200.jpg 500w" sizes="auto, (max-width: 600px) 100vw, 600px" /></a></p>
<p>Absolwent Wydziału Prawa, Administracji i Ekonomii Uniwersytetu Wrocławskiego oraz Centrum Własności Intelektualnej im. H. Grocjusza.</p>
<p>Na co dzień aplikant adwokacki łączący pasję do prawa z pasją do przemawiania publicznego.<br />
Od 2011 r. aktywny toastmaster, czyli członek największej na świecie organizacji non profit -Toastmasters International &#8211; zrzeszającej mówców i liderów. Na jego prelekcjach możesz liczyć nie tylko na przekazanie wiedzy z zakresu prawa nowych technologii, ale również sporą dawkę interakcji, która ułatwi poruszanie się w meandrach prawniczych zagadnień.<br />
Po godzinach współzałożyciel i autor bloga <a title="www.startuplaw.pl" href="http://www.startuplaw.pl/" target="_blank" rel="noopener">startuplaw.pl</a>, na którym można przeczytać m.in. o tym, co polskie prawo przygotowało dla przedsiębiorców działających w e-commerce.</p>

<p>Absolwent Wydziału Prawa, Administracji i Ekonomii Uniwersytetu Wrocławskiego oraz Centrum Własności Intelektualnej im. H. Grocjusza. Na co dzień aplikant adwokacki łączący pasję do prawa z pasją do przemawiania publicznego. Od 2011 r. aktywny toastmaster, czyli członek największej na świecie organizacji non profit -Toastmasters International &#8211; zrzeszającej mówców i liderów. Na jego prelekcjach możesz liczyć nie &hellip; <a href="https://warsaw.wordcamp.org/2014/speaker/mateusz-tunski/" class="more-link">Czytaj dalej <span class="screen-reader-text">Mateusz Tuński</span> <span class="meta-nav">&rarr;</span></a></p>
