{"id":1294,"date":"2014-10-29T14:40:59","date_gmt":"2014-10-29T14:40:59","guid":{"rendered":"https:\/\/2014.warsaw.wordcamp.org\/?post_type=wcb_speaker&#038;p=1294"},"modified":"2014-10-29T14:40:59","modified_gmt":"2014-10-29T14:40:59","slug":"michal-smereczynski","status":"publish","type":"wcb_speaker","link":"https:\/\/warsaw.wordcamp.org\/2014\/speaker\/michal-smereczynski\/","title":{"rendered":"Micha\u0142 Smereczy\u0144ski"},"content":{"rendered":"<p><a href=\"https:\/\/2014.warsaw.wordcamp.org\/files\/2014\/10\/Micha\u0142-Smereczy\u0144ski.jpg\"><img loading=\"lazy\" decoding=\"async\" class=\"alignnone size-full wp-image-1295\" src=\"https:\/\/2014.warsaw.wordcamp.org\/files\/2014\/10\/Micha\u0142-Smereczy\u0144ski.jpg\" alt=\"Micha\u0142 Smereczy\u0144ski\" width=\"600\" height=\"300\" srcset=\"https:\/\/warsaw.wordcamp.org\/2014\/files\/2014\/10\/Micha\u0142-Smereczy\u0144ski.jpg 600w, https:\/\/warsaw.wordcamp.org\/2014\/files\/2014\/10\/Micha\u0142-Smereczy\u0144ski-300x150.jpg 300w, https:\/\/warsaw.wordcamp.org\/2014\/files\/2014\/10\/Micha\u0142-Smereczy\u0144ski-500x250.jpg 500w\" sizes=\"auto, (max-width: 600px) 100vw, 600px\" \/><\/a><\/p>\n<p>Ewangelista Otwartego Oprogramowania oraz interoperacyjno\u015bci. Dzia\u0142acz spo\u0142eczno\u015bciowy. Wsp\u00f3\u0142za\u0142o\u017cyciel i prezes Fundacji Aegis. Zawodowo Technology Evangelist w agencji Grupa Brandoo, odpowiedzialny za przekuwanie wiedzy, pomys\u0142\u00f3w i koncepcji w \u017cywe projekty. Przedsi\u0119biorca. Prywatnie wieczny student, pasjonat, geek. Organizator i uczestnik konferencji oraz wydarze\u0144 zwi\u0105zanych z IT.<\/p>\n<p>Z WordPressem zwi\u0105zany g\u0142\u00f3wnie od strony infrastruktury, serwer\u00f3w i optymalizacji. Do\u015bwiadczony wdro\u017ceniowiec i (czasem) ceniony specjalista od sytuacji kryzysowych.<\/p>\n","protected":false},"excerpt":{"rendered":"<p>Ewangelista Otwartego Oprogramowania oraz interoperacyjno\u015bci. Dzia\u0142acz spo\u0142eczno\u015bciowy. Wsp\u00f3\u0142za\u0142o\u017cyciel i prezes Fundacji Aegis. Zawodowo Technology Evangelist w agencji Grupa Brandoo, odpowiedzialny za przekuwanie wiedzy, pomys\u0142\u00f3w i koncepcji w \u017cywe projekty. Przedsi\u0119biorca. Prywatnie wieczny student, pasjonat, geek. Organizator i uczestnik konferencji oraz wydarze\u0144 zwi\u0105zanych z IT. Z WordPressem zwi\u0105zany g\u0142\u00f3wnie od strony infrastruktury, serwer\u00f3w i optymalizacji. Do\u015bwiadczony &hellip; <a href=\"https:\/\/warsaw.wordcamp.org\/2014\/speaker\/michal-smereczynski\/\" class=\"more-link\">Czytaj dalej <span class=\"screen-reader-text\">Micha\u0142 Smereczy\u0144ski<\/span> <span class=\"meta-nav\">&rarr;<\/span><\/a><\/p>\n","protected":false},"author":14070165,"featured_media":0,"comment_status":"closed","ping_status":"closed","template":"","meta":{"_crdt_document":"","jetpack_post_was_ever_published":false,"_wcpt_user_name":"","footnotes":""},"speaker_group":[],"class_list":["post-1294","wcb_speaker","type-wcb_speaker","status-publish","hentry"],"jetpack_shortlink":"https:\/\/wp.me\/p4VWW7-kS","jetpack_sharing_enabled":true,"avatar_urls":{"24":"https:\/\/secure.gravatar.com\/avatar\/?s=24&d=mm&r=g","48":"https:\/\/secure.gravatar.com\/avatar\/?s=48&d=mm&r=g","96":"https:\/\/secure.gravatar.com\/avatar\/?s=96&d=mm&r=g","128":"https:\/\/secure.gravatar.com\/avatar\/?s=128&d=mm&r=g","256":"https:\/\/secure.gravatar.com\/avatar\/?s=256&d=mm&r=g","512":"https:\/\/secure.gravatar.com\/avatar\/?s=512&d=mm&r=g"},"_links":{"self":[{"href":"https:\/\/warsaw.wordcamp.org\/2014\/wp-json\/wp\/v2\/speakers\/1294","targetHints":{"allow":["GET"]}}],"collection":[{"href":"https:\/\/warsaw.wordcamp.org\/2014\/wp-json\/wp\/v2\/speakers"}],"about":[{"href":"https:\/\/warsaw.wordcamp.org\/2014\/wp-json\/wp\/v2\/types\/wcb_speaker"}],"author":[{"embeddable":true,"href":"https:\/\/warsaw.wordcamp.org\/2014\/wp-json\/wp\/v2\/users\/14070165"}],"replies":[{"embeddable":true,"href":"https:\/\/warsaw.wordcamp.org\/2014\/wp-json\/wp\/v2\/comments?post=1294"}],"version-history":[{"count":1,"href":"https:\/\/warsaw.wordcamp.org\/2014\/wp-json\/wp\/v2\/speakers\/1294\/revisions"}],"predecessor-version":[{"id":1296,"href":"https:\/\/warsaw.wordcamp.org\/2014\/wp-json\/wp\/v2\/speakers\/1294\/revisions\/1296"}],"sessions":[{"embeddable":true,"href":"https:\/\/warsaw.wordcamp.org\/2014\/wp-json\/wp\/v2\/sessions\/805?_embed=1&context=view"}],"wp:attachment":[{"href":"https:\/\/warsaw.wordcamp.org\/2014\/wp-json\/wp\/v2\/media?parent=1294"}],"wp:term":[{"taxonomy":"wcb_speaker_group","embeddable":true,"href":"https:\/\/warsaw.wordcamp.org\/2014\/wp-json\/wp\/v2\/speaker_group?post=1294"}],"curies":[{"name":"wp","href":"https:\/\/api.w.org\/{rel}","templated":true}]}}

Michał Smereczyński

<p><a href="https://2014.warsaw.wordcamp.org/files/2014/10/Michał-Smereczyński.jpg"><img loading="lazy" decoding="async" class="alignnone size-full wp-image-1295" src="https://2014.warsaw.wordcamp.org/files/2014/10/Michał-Smereczyński.jpg" alt="Michał Smereczyński" width="600" height="300" srcset="https://warsaw.wordcamp.org/2014/files/2014/10/Michał-Smereczyński.jpg 600w, https://warsaw.wordcamp.org/2014/files/2014/10/Michał-Smereczyński-300x150.jpg 300w, https://warsaw.wordcamp.org/2014/files/2014/10/Michał-Smereczyński-500x250.jpg 500w" sizes="auto, (max-width: 600px) 100vw, 600px" /></a></p>
<p>Ewangelista Otwartego Oprogramowania oraz interoperacyjności. Działacz społecznościowy. Współzałożyciel i prezes Fundacji Aegis. Zawodowo Technology Evangelist w agencji Grupa Brandoo, odpowiedzialny za przekuwanie wiedzy, pomysłów i koncepcji w żywe projekty. Przedsiębiorca. Prywatnie wieczny student, pasjonat, geek. Organizator i uczestnik konferencji oraz wydarzeń związanych z IT.</p>
<p>Z WordPressem związany głównie od strony infrastruktury, serwerów i optymalizacji. Doświadczony wdrożeniowiec i (czasem) ceniony specjalista od sytuacji kryzysowych.</p>

<p>Ewangelista Otwartego Oprogramowania oraz interoperacyjności. Działacz społecznościowy. Współzałożyciel i prezes Fundacji Aegis. Zawodowo Technology Evangelist w agencji Grupa Brandoo, odpowiedzialny za przekuwanie wiedzy, pomysłów i koncepcji w żywe projekty. Przedsiębiorca. Prywatnie wieczny student, pasjonat, geek. Organizator i uczestnik konferencji oraz wydarzeń związanych z IT. Z WordPressem związany głównie od strony infrastruktury, serwerów i optymalizacji. Doświadczony &hellip; <a href="https://warsaw.wordcamp.org/2014/speaker/michal-smereczynski/" class="more-link">Czytaj dalej <span class="screen-reader-text">Michał Smereczyński</span> <span class="meta-nav">&rarr;</span></a></p>
