{"id":8,"date":"2014-08-04T19:13:44","date_gmt":"2014-08-04T19:13:44","guid":{"rendered":"https:\/\/2014.warsaw.wordcamp.org\/sponsors\/"},"modified":"2014-11-10T19:10:37","modified_gmt":"2014-11-10T19:10:37","slug":"sponsorzy","status":"publish","type":"page","link":"https:\/\/warsaw.wordcamp.org\/2014\/sponsorzy\/","title":{"rendered":"Sponsorzy"},"content":{"rendered":"<h3>W tym roku wspieraj\u0105 nas<\/h3>\n<h4>Z\u0142oty<\/h4>\n<p><a href=\"http:\/\/gavick.com\/\" rel=\"nofollow\"><img loading=\"lazy\" decoding=\"async\" class=\"aligncenter size-full wp-image-410\" src=\"https:\/\/2014.warsaw.wordcamp.org\/files\/2014\/09\/gavickpro.png\" alt=\"gavickpro\" width=\"600\" height=\"129\" srcset=\"https:\/\/warsaw.wordcamp.org\/2014\/files\/2014\/09\/gavickpro.png 600w, https:\/\/warsaw.wordcamp.org\/2014\/files\/2014\/09\/gavickpro-300x64.png 300w, https:\/\/warsaw.wordcamp.org\/2014\/files\/2014\/09\/gavickpro-500x107.png 500w\" sizes=\"auto, (max-width: 600px) 100vw, 600px\" \/><\/a><\/p>\n<h4>Srebrny<\/h4>\n<p><a title=\"Rublon\" href=\"https:\/\/2014.warsaw.wordcamp.org\/sponsor\/rublon\/\"><img loading=\"lazy\" decoding=\"async\" class=\"aligncenter size-full wp-image-411\" src=\"https:\/\/2014.warsaw.wordcamp.org\/files\/2014\/09\/rublon.png\" alt=\"rublon\" width=\"334\" height=\"144\" srcset=\"https:\/\/warsaw.wordcamp.org\/2014\/files\/2014\/09\/rublon.png 334w, https:\/\/warsaw.wordcamp.org\/2014\/files\/2014\/09\/rublon-300x129.png 300w\" sizes=\"auto, (max-width: 334px) 100vw, 334px\" \/><\/a><\/p>\n<h4>Br\u0105zowy<\/h4>\n<p><a title=\"WPHub\" href=\"https:\/\/2014.warsaw.wordcamp.org\/sponsor\/wphub\/\"><img loading=\"lazy\" decoding=\"async\" class=\"aligncenter size-medium wp-image-445\" src=\"https:\/\/2014.warsaw.wordcamp.org\/files\/2014\/10\/wphub-logo-300x85.png\" alt=\"wphub-logo\" width=\"300\" height=\"85\" srcset=\"https:\/\/warsaw.wordcamp.org\/2014\/files\/2014\/10\/wphub-logo-300x85.png 300w, https:\/\/warsaw.wordcamp.org\/2014\/files\/2014\/10\/wphub-logo-500x142.png 500w, https:\/\/warsaw.wordcamp.org\/2014\/files\/2014\/10\/wphub-logo.png 700w\" sizes=\"auto, (max-width: 300px) 100vw, 300px\" \/><\/a><\/p>\n<h4>Ma\u0142y biznes<\/h4>\n<p><a href=\"http:\/\/winningwp.com\" rel=\"nofollow\">WinningWP<\/a><\/p>\n<p><a href=\"http:\/\/seo4.net\/\" rel=\"nofollow\">SEO4.net<\/a><\/p>\n<p><a href=\"http:\/\/www.virtal.pl\/\" rel=\"nofollow\">Virtal<\/a><\/p>\n<p><a title=\"Sklepy internetowe WordPress\" href=\"http:\/\/www.wpdesk.pl\/\" rel=\"nofollow\">WP Desk<\/a><\/p>\n<p><a href=\"http:\/\/silksoftwarehouse.com\/\">Silk Software House<\/a><\/p>\n<p><a href=\"http:\/\/teslathemes.com\/\">TeslaThemes<\/a><\/p>\n<p><a href=\"http:\/\/o-gate.pl\/\" rel=\"nofollow\">Open Gate<\/a><\/p>\n<h3>WordCamp Champion<\/h3>\n<p><a class=\"transparent silver\" href=\"https:\/\/2014.warsaw.wordcamp.org\/sponsor\/bluehost\/\"><img loading=\"lazy\" decoding=\"async\" class=\"\" src=\"https:\/\/2014.warsaw.wordcamp.org\/files\/2014\/11\/bluehost-logo13-940x198.png\" alt=\"BlueHost\" width=\"399\" height=\"84\" \/><\/a><\/p>\n<p><a class=\"transparent silver\" href=\"https:\/\/2014.warsaw.wordcamp.org\/sponsor\/jetpack\/\"><img loading=\"lazy\" decoding=\"async\" class=\"\" src=\"https:\/\/2014.warsaw.wordcamp.org\/files\/2014\/11\/jetpack-logo-horizontal-940x198.png\" alt=\"Jetpack\" width=\"409\" height=\"86\" \/><\/a><\/p>\n<p><a class=\"transparent silver\" href=\"https:\/\/2014.warsaw.wordcamp.org\/sponsor\/planethoster\/\"><img decoding=\"async\" src=\"https:\/\/2014.warsaw.wordcamp.org\/files\/2014\/11\/planethoster-WEB.png\" alt=\"PlanetHosters\" \/><\/a><\/p>\n<h3>WordCamp Accomplice<\/h3>\n<p><a class=\"transparent bronze\" href=\"https:\/\/2014.warsaw.wordcamp.org\/sponsor\/wpml\/\"><img loading=\"lazy\" decoding=\"async\" class=\"\" src=\"https:\/\/2014.warsaw.wordcamp.org\/files\/2014\/11\/wpml-web-940x198.png\" alt=\"WPML\" width=\"390\" height=\"82\" \/><\/a><\/p>\n","protected":false},"excerpt":{"rendered":"<p>W tym roku wspieraj\u0105 nas Z\u0142oty Srebrny Br\u0105zowy Ma\u0142y biznes WinningWP SEO4.net Virtal WP Desk Silk Software House TeslaThemes Open Gate WordCamp Champion WordCamp Accomplice<\/p>\n","protected":false},"author":8002317,"featured_media":0,"parent":0,"menu_order":0,"comment_status":"open","ping_status":"open","template":"","meta":{"jetpack_post_was_ever_published":false,"footnotes":""},"class_list":["post-8","page","type-page","status-publish","hentry"],"jetpack_shortlink":"https:\/\/wp.me\/P4VWW7-8","jetpack_sharing_enabled":true,"_links":{"self":[{"href":"https:\/\/warsaw.wordcamp.org\/2014\/wp-json\/wp\/v2\/pages\/8","targetHints":{"allow":["GET"]}}],"collection":[{"href":"https:\/\/warsaw.wordcamp.org\/2014\/wp-json\/wp\/v2\/pages"}],"about":[{"href":"https:\/\/warsaw.wordcamp.org\/2014\/wp-json\/wp\/v2\/types\/page"}],"author":[{"embeddable":true,"href":"https:\/\/warsaw.wordcamp.org\/2014\/wp-json\/wp\/v2\/users\/8002317"}],"replies":[{"embeddable":true,"href":"https:\/\/warsaw.wordcamp.org\/2014\/wp-json\/wp\/v2\/comments?post=8"}],"version-history":[{"count":10,"href":"https:\/\/warsaw.wordcamp.org\/2014\/wp-json\/wp\/v2\/pages\/8\/revisions"}],"predecessor-version":[{"id":1479,"href":"https:\/\/warsaw.wordcamp.org\/2014\/wp-json\/wp\/v2\/pages\/8\/revisions\/1479"}],"wp:attachment":[{"href":"https:\/\/warsaw.wordcamp.org\/2014\/wp-json\/wp\/v2\/media?parent=8"}],"curies":[{"name":"wp","href":"https:\/\/api.w.org\/{rel}","templated":true}]}}